= 7*t. Let r = 9 - 13. Let f(i) = r*w(i) - 11*b(i). Let a(z) = -10*z + 13. Let g(s) = -2*a(s) - 7*f(s). Determine g(4).
-2
Let g(f) = -f**2. Let u be (-4)/(-10) - 12/30. Suppose u = -0*t - 4*t. Give g(t).
0
Let y = -9 + 7. Let c(s) be the first derivative of s**3 + 2*s**2 + 2*s - 1. What is c(y)?
6
Let m(q) = -7*q - 1. Let p be m(-1). Let w(j) be the first derivative of j**3/3 - 7*j**2/2 + j + 1. Calculate w(p).
-5
Let j be 4 + (-3)/((-3)/2). Let p(a) = a**3 - 6*a**2 + 2. Determine p(j).
2
Suppose 3 - 7 = -4*r. Suppose -5*b + 10 = -0*m + m, 3*b + 3*m - 6 = 0. Let y(s) = 2 - 3*s - b + 4*s. Give y(r).
1
Let i(b) = b**3 + 14*b**2 - 14*b + 11. Let m be i(-15). Let h be m + 5 + 1 + -9. Let c(j) = j - 2. What is c(h)?
-9
Let v(y) = y**3 - 6*y**2 + 5*y + 2. Let h be (-46)/14 + 4/14. Let s = 8 + h. Give v(s).
2
Let o be 1 - 2 - (-2 - -2). Let t(c) = -25*c**2 + 3*c + 8. Let l(x) = -9*x**2 + x + 3. Let q(m) = -8*l(m) + 3*t(m). What is q(o)?
-4
Let f(c) = -2*c + 8. Let m be f(6). Let b = m - -8. Let j(v) = -v**2 + 2*v + 2. Determine j(b).
-6
Let d(b) be the third derivative of -b**6/120 - b**5/15 - b**4/8 - b**2. Suppose 2*r = 2*t - 4, -3*r = t - 2*r + 8. What is d(t)?
0
Let m(h) be the second derivative of h**5/20 + h**4/4 - 2*h**3/3 - 5*h**2/2 - 5*h. Let c be m(-4). Let y(p) = p**3 + 4*p**2 - 4*p + 5. Give y(c).
0
Let y(k) = -7*k**2 - k + 0*k**2 + 1 + k. Suppose 4*w = -5*c + 13, c + 2*w - 4 = 1. What is y(c)?
-6
Let s(k) be the first derivative of -9*k**2/2 - 2. Let z = 19 + -20. Calculate s(z).
9
Let v = 5 - 3. Suppose v*o - 4*o = -4. Let a(n) = 2*n - 2. Let y(f) = 2*f - 2. Let r(c) = 5*a(c) - 4*y(c). Give r(o).
2
Let c(b) = -b**2 + 99*b**3 + 91*b**3 - 187*b**3. Suppose 1 = -v, 0*w - 3*v = -5*w + 18. Let m = -2 + w. Determine c(m).
2
Let c(d) = 4*d - 5*d + d - d - 2. Determine c(0).
-2
Let v(f) = f**3 + 11*f**2 + 5. Let k be v(-11). Suppose 0*l + k*u = 4*l - 15, 5*l + 4*u - 29 = 0. Let j(c) = -c - 2. What is j(l)?
-7
Let u(t) be the first derivative of -t**2/2 - t + 26. Calculate u(8).
-9
Let x(f) = f**3 + 15*f**2 - 17*f - 15. Let t be x(-16). Let u(p) = 4*p**2 + p - 1. Give u(t).
4
Let d be 1*(5 + 3 + -2). Let a(l) be the first derivative of -1 - 3*l + d + 0*l - l**2. Calculate a(-2).
1
Let u(v) = 2*v**2 + 4*v + 2. Suppose 0 = -j - 9 + 6. What is u(j)?
8
Let n = -5 + 5. Let l(p) = 3 - 1 + n*p**2 + 2*p**2 - p**2. Suppose 4*s - 2*s = 0. Give l(s).
2
Let u(i) be the first derivative of 0*i - 1 - 1/12*i**5 - 1/2*i**2 + 7/6*i**3 - 1/120*i**6 + 1/24*i**4. Let t(o) be the second derivative of u(o). Give t(-5).
2
Let s(x) = -x**3 + 5*x**2 + 6*x - 5. Let c(j) = -j + 17. Let u be (-204)/(-18) + (-1)/3. Let w be c(u). Calculate s(w).
-5
Let o(k) = 6*k**2 - 7*k**2 + 0*k**2 + 4 - k**3 - 1. Determine o(0).
3
Let l(o) = 0*o**3 - 2*o**3 - 1 + 0*o**3 + o + 3*o**3. Suppose 1 = -4*z + 5. Determine l(z).
1
Let v(b) = -b**2 + 2*b - 11. Let j(c) = -c**2 + 3*c - 10. Let q(k) = 5*j(k) - 4*v(k). Determine q(4).
6
Let z be (-6)/(-27) + (-266)/(-18). Let a = z - 9. Let p(q) = -q**3 - a - 1 - 2*q + 5*q**2 + 0*q**3 + 4*q. What is p(5)?
3
Suppose 5*u - 2*c + 0*c = 12, -u + 6 = -4*c. Suppose -2*w + 14 = u*f, 0 = -5*f - 3*w + w + 29. Let n(a) = a + 2. What is n(f)?
7
Let w(v) = v**3 + 5*v**2 - 7*v - 5. Let o be (-12 + 3)*(-4)/6. Let n be -4 + o - (0 + 8). Give w(n).
1
Let n(a) = -a + 3. Let c = 16 + -10. Let l be n(c). Let z(u) = 2*u**2 + 5*u + 3. Determine z(l).
6
Suppose 13*s + 35 = 9. Let b(o) = -2*o**2 - 3*o - 3. Give b(s).
-5
Let d(g) be the second derivative of -g**5/20 + g**4/12 - g**2/2 + g. Let a be ((-4)/(-24))/((-2)/(-12)). What is d(a)?
-1
Let t(z) be the first derivative of z**4/4 - z**3/3 + z**2/2 + 4. Suppose -m - 6 - 2 = 3*j, 4*j = -m - 11. Determine t(m).
1
Suppose -5*v + 19 = -x, 3*v = 3 + 9. Let q be -5 + 3 - (x + -6). Let l(u) = -u - 1 + 4 + 0 + q. What is l(4)?
2
Let d = 142 - 137. Let t(x) be the first derivative of -1/4*x**4 - 3/2*x**2 - 5/3*x**3 - 2 - d*x. Calculate t(-4).
-9
Let t(j) = -j - 8. Let u = -2 - 4. Give t(u).
-2
Let c(y) = -y**3 - 4*y**2 + 7*y + 1. Let b(j) be the second derivative of j**5/20 - 5*j**4/12 - 7*j**3/6 + j**2/2 - 6*j. Let r be b(6). What is c(r)?
-9
Let h be (-2)/6*3*-7. Let a(l) = l**3 - 7*l**2 - l + 10. Calculate a(h).
3
Let q = -1 - -6. Let t(l) be the third derivative of -l**4/12 + 2*l**2. Determine t(q).
-10
Let b = 0 + 1. Let n(y) = 4*y. Let r be n(b). Let s(z) = -r + 4*z + 6 - 5*z. Give s(-3).
5
Let v(t) = 4 - 5 + 3*t**2 + 1 - 3*t. Give v(2).
6
Let n(y) be the second derivative of y**5/20 + y**4/12 - y**3/6 - 13*y**2/2 + 6*y. Give n(0).
-13
Let x(z) = z**2 + 1. Let o(u) = 5*u**2 - 4*u + 2. Let b(j) = o(j) - 6*x(j). Determine b(-4).
-4
Let d be (-20)/4 + 2 + -2. Let v(o) = o + 2. Let y be v(0). Let k(z) = 6 + y*z - 1 + 0*z. Calculate k(d).
-5
Let u(a) be the first derivative of -a + 1. Let j(p) = -p. Suppose -5*r = -3*r - 2. Let d(z) = r*j(z) + u(z). What is d(-3)?
2
Let m(c) = c. Let s(l) = l - 7. Suppose -4*j = 2*r + 13 - 5, 0 = 5*j - 3*r - 1. Let t(a) = j*s(a) - 2*m(a). What is t(5)?
-8
Suppose -5*a + 11 = -2*n, 7*a - 4*a = -3*n + 15. Let f(q) = -1. Let h(v) = v - 6. Let c(z) = 5*f(z) - h(z). Calculate c(n).
-1
Let r(y) be the second derivative of -y**6/360 + y**5/30 + y**4/12 - 2*y**3/3 + 4*y. Let d(i) be the second derivative of r(i). What is d(3)?
5
Suppose -10 = -5*i + 3*i. Suppose -5*u = 13 + 7, -29 = -i*j + u. Suppose 7*c = 2*c - w - 21, -5*c - j = 5*w. Let y(o) = o**2 + 4*o + 1. Calculate y(c).
6
Let s(q) = -q**3 - 13*q**2 + 12*q - 26. Let d be s(-14). Let c(i) be the third derivative of 0*i + 0 + 3*i**d - 3/8*i**4 - 1/6*i**3. Calculate c(-1).
8
Let t(f) = 3*f**3 + 10*f**2 + 6*f - 2. Let k(p) = -13*p**3 - 41*p**2 - 23*p + 9. Let w(d) = 2*k(d) + 9*t(d). Give w(-7).
-7
Let f(t) = -4*t**2 - 4. Let y(l) = -11*l**2 + l - 11. Let o(q) = -8*f(q) + 3*y(q). Calculate o(3).
-1
Let t(k) be the first derivative of 7*k**2 - k - 5. Give t(2).
27
Suppose -5*s - 5 = -4*r, r = -2*s + 7*s + 20. Let q(u) = u**3 + 6*u**2 + 4*u - 2. Calculate q(s).
3
Let i(n) = 2*n - 1. Let v be ((-12)/9)/(-4)*-6. Let b(k) = -2*k. Let a(h) = v*b(h) - 3*i(h). Give a(3).
-3
Suppose -4*n = 4*h - 92, 2*h + 2*n - 7*n - 32 = 0. Let x(d) = -16 + h + 0*d + d. What is x(-5)?
0
Let t(b) = 4 - 16*b + 6*b + 14*b. What is t(-3)?
-8
Let i(j) = 2*j + 2. Let a(f) = 2*f + 2. Let l(m) = 4*a(m) - 3*i(m). Suppose g - 3*v = -0*v - 10, -2 = g - v. Calculate l(g).
6
Let g(n) = -4*n - 53 + n**2 + n - 3*n + 60. Calculate g(6).
7
Let o(p) = -3*p + 15. Let h be o(6). Let k be (2/(-4))/(h/(-6)). Let w(j) = j**3 + 1. Calculate w(k).
0
Let x(t) = t + 2. Let r be x(-2). Let d = 6 + -3. Let p(c) = c - 3 + 2 + d. Calculate p(r).
2
Let x(h) be the first derivative of 3 + 1/6*h**3 - 3*h - 7/2*h**2. Let r(l) be the first derivative of x(l). Give r(-5).
-12
Let b(a) be the first derivative of a**4/4 + 5*a**3/3 + 3*a**2/2 + 3*a - 1. Let s be 1/3 - (-350)/21. Suppose -1 = -4*k - s. Calculate b(k).
7
Let p be 4/(-3)*6/(-4). Let c(y) = -3*y**2 - 1 - y + 6*y**p - 2*y**2. Let z be 2/(-8) - (-36)/16. Give c(z).
1
Let w(b) be the third derivative of b**4/24 - b**3 + 3*b**2. Let a be w(7). Let n(j) = 9*j**2 + j. Determine n(a).
10
Let i(o) = 2*o. Let a(q) = -2*q. Let v(b) = -6*a(b) - 5*i(b). Determine v(4).
8
Let l be (36/(-27))/(4/6). Let o be -4 - 1/2*l. Let a(n) = -n**2 - 2*n. What is a(o)?
-3
Let m(z) = -4*z - 16. Let u be m(-3). Let l(w) = 3*w - 4*w + 3 - w**2 - w. Determine l(u).
-5
Let x be (2 - 12)/(3 + -1). Let z(y) = y**2 + 3*y - 4. Calculate z(x).
6
Let u(v) be the first derivative of v**4/4 - 3*v - 19. Suppose -4*j + 8*j = 0. Determine u(j).
-3
Let d(u) = u**3 + 14*u**2 - 16*u - 8. Suppose -29 = 8*v + 91. Give d(v).
7
Let h be (-1 - 0)*(-1 + 6). Let u(q) be the third derivative of q**5/60 + q**4/6 + q**3/6 + 17*q**2. Determine u(h).
6
Let v(a) be the third derivative of -a**4/24 - a**3/6 + 7*a**2. Let l = 3 + -10. Let s = -2 - l. Give v(s).
-6
Let r(u) be the second derivative of u**4/12 - 7*u**3/6 + 2*u**2 + 3*u. Let o be r(6). Let c(t) = -t**3 - t**2 + t + 2. What is c(o)?
4
Let w(h) = -9*h**3 + h**2 + 3*h. Suppose 2*x + 3*b + 0*b + 7 = 0, -5*b - 45 = -5*x. Let q(f) = -5*f**3 + f**2 + 2*f. Let a(d) = x*w(d) - 7*q(d). Give a(-3).
6
Let n(w) be the first derivative of -3*w**2 + w + 3